 is the highest common factor of y and 12789?
87
Let z be (-5 - (-18)/(-3)) + 56. Let u = 179 - 119. Calculate the highest common factor of z and u.
15
Let z(g) = -g**3 + 5*g**2 + g - 19. Let f be z(4). Let n(k) = 589*k**3 + k**2 - 6*k + 4. Let l be n(f). What is the greatest common divisor of 12 and l?
12
Let w(y) = y**2 - 9*y - 1. Let n be w(9). Let q = 17 - n. Let l = -613 + 739. What is the greatest common divisor of l and q?
18
Let q = 33580 - 33412. What is the greatest common factor of q and 9968?
56
Let k be ((-24)/(-20))/(6/100). Let n be -158*(-2)/2 + (3 - 1). Calculate the highest common factor of k and n.
20
Let g(i) = 2*i**3 + 4*i**2 + 4*i + 144. Let w be g(0). Let y be (-7 - -3)*(-9)/4. What is the greatest common factor of w and y?
9
Suppose -162 = -7*y - 8*t + 3*t, -51 = -3*y + 4*t. What is the greatest common divisor of y and 658?
7
Let s(m) be the first derivative of m**2/2 - 17*m + 8. Let l be s(-10). Let v be 6/(-27) - 1356/l. Calculate the greatest common divisor of 20 and v.
10
Suppose x + 0*x + 16 = 0. Let y be -695 - 4*(-2)/x*6. Let d = -170 - y. Calculate the highest common divisor of d and 48.
48
Suppose -3*g = -5*i + 401, 8 - 6 = -i. Let s = g + 151. Calculate the highest common divisor of 56 and s.
14
Let i be ((-1630)/(-25) + -3)*-5. Let d = i + 436. Calculate the highest common factor of d and 75.
25
Let p(b) = -1445*b - 6659. Let f be p(-7). What is the highest common factor of f and 162?
54
Let c be (64/24)/((-1)/(-12)). Suppose 4*w - 160 = -4*i, 0 = 3*w - 2*w + 5*i - c. What is the greatest common divisor of w and 28?
14
Suppose 3*h = -6*g + 21, -160*g + 4*h - 1 = -159*g. What is the highest common divisor of g and 2187?
3
Suppose -37*d + 65286 = 20*d - 49455. What is the highest common factor of 183 and d?
183
Suppose 0 = 195*y - 198*y + 5*p + 76, -2*y + 76 = 3*p. Calculate the highest common factor of 88 and y.
8
Let i be ((-100)/6)/(170/(-3060)). Calculate the greatest common divisor of i and 96.
12
Let i = 38280 + -32808. Calculate the greatest common factor of i and 18.
18
Let l be 80/14*((-2)/(-3) - (-880)/66). Calculate the greatest common divisor of l and 5680.
80
Let j be -2*(-2 + 3/(-6)). Let l(x) = 3*x**3 + 21*x**2 - 4*x - 28. Let p be l(-7). Suppose j*o - 11 + 6 = p. Calculate the greatest common divisor of o and 7.
1
Suppose -3*s + 3*b + 39 = 0, -7*b + 28 = 4*s - 3*b. Let l be 9/6*(-20)/(-3). Let c be l/(-90) - (730/(-9) - -1). Calculate the highest common factor of s and c.
10
Let k = 19334 + -13619. What is the greatest common divisor of k and 15?
15
Let h(f) = 327*f**2 + 22*f + 66. Let n be h(-3). Calculate the greatest common divisor of n and 27.
27
Let j be (12/40*-2)/((-6)/4290). What is the greatest common factor of j and 99?
33
Suppose 19*j + 99*j = 3407 + 3673. Calculate the highest common divisor of j and 2088.
12
Let v be (1539/(-3591))/(6/(-140)). What is the greatest common divisor of v and 27130?
10
Let q(x) = -2*x**3 + 68*x**2 - 192*x + 101. Let i be q(29). What is the greatest common divisor of 27 and i?
27
Let t(j) = -110*j - 81. Let c(w) = -36*w - 27. Let r(s) = -7*c(s) + 2*t(s). Let x be r(4). What is the highest common factor of 5 and x?
5
Let n = -151 - -108. Let f = -15 - n. Suppose 0 = -2*q + c + 37, -2*q + c + f = -3*c. Calculate the greatest common factor of q and 200.
20
Let k be 170324/990 - (-36)/(-810). What is the greatest common factor of 6794 and k?
86
Let l(g) = g**2 - 120*g - 355. Let n be l(-3). Let i be -3 + 3/((-3)/7). Let o be 9/(-15) + (-286)/i. Calculate the greatest common factor of n and o.
14
Let i = 4 + -4. Let j be -1 + i + 4 - -118. Let m be (-100)/(-8) - (-3)/(-2). Calculate the highest common factor of j and m.
11
Let u(r) = -5*r - 34 + 18 + 84*r**2 + 11 + 119*r**2. Let o be u(-1). What is the highest common divisor of o and 116?
29
Suppose 3*p = -5 + 11. Suppose 5*g - 16 = -p*b + 8, -64 = -2*b + 5*g. Let l be (-10)/(-4)*(-16)/(-20). Calculate the highest common factor of l and b.
2
Suppose 4*h - 24 = -5*y - 5, 5*h - 2*y = 32. Let a = 2 + h. Let j be (-3)/15*-355 - 2/(-2). What is the greatest common factor of a and j?
8
Let n = -643 + 648. Suppose -2*x + 3*q - 114 = -5*x, -n*x = 3*q - 184. Calculate the highest common divisor of x and 35.
35
Let j = 203 + -208. Let y be (0 - j - 265)/(-2). Calculate the highest common factor of y and 52.
26
Suppose 33*k = -u + 38*k + 94, 0 = -2*u + 3*k + 132. Suppose -x - 2 = -29. Calculate the highest common divisor of x and u.
27
Suppose -i = -4*o + 45, -6*o + 2*o + 20 = 0. Let t(w) = w**3 + 27*w**2 + 48*w - 18. Let f be t(i). Calculate the highest common factor of 48 and f.
16
Let g(s) = 41*s + 25. Let l be g(-6). Let r = -124 - l. Suppose -20 - r = -3*v. What is the highest common divisor of v and 26?
13
Let x = -729 - -819. Calculate the highest common divisor of x and 198.
18
Let l(b) be the third derivative of b**4/6 + b**3/2 - 2*b**2. Let g be l(2). Suppose 24*f - 7*f - 748 = 0. What is the greatest common divisor of f and g?
11
Let q be (2/(-7) + (-75)/(-140))*116. What is the highest common factor of 3277 and q?
29
Suppose -84*t - 92 = 244. Let c = -19 - 2. Let g be c/6*(-37 - (1 + t)). Calculate the greatest common factor of 17 and g.
17
Let y be 2*75*(-2)/(-3). Let a = 425 - 727. Let j = a + 327. What is the highest common divisor of y and j?
25
Let f(m) = 185*m**2 + 7*m - 15. Let w be f(5). Suppose 1180 - w = -5*u. What is the greatest common factor of 63 and u?
63
Suppose -24*i + 251*i - 3424 = 2932. What is the highest common factor of 6034 and i?
14
Let i(d) = -50*d + 1761. Let u be i(35). Calculate the greatest common factor of 7 and u.
1
Let p = 4069 + 2852. What is the greatest common factor of 9 and p?
9
Let x = -40 - -623. Let n = -290 - -349. Let z be n - (-1)/1 - 7. Calculate the greatest common divisor of x and z.
53
Suppose 6*y - 109832 + 109712 = 0. Calculate the greatest common factor of 5370 and y.
10
Let a(u) = 131*u**2 + 31*u + 82. Let d be a(-3). Let v = d + -799. Calculate the highest common divisor of v and 41.
41
Let a be (-80)/18*2349/(-348). What is the greatest common factor of 1790 and a?
10
Let c be 67140/21 + (-47)/((-5264)/96). What is the greatest common divisor of c and 234?
78
Suppose -2*j - 3*o = -7045, 14*j - 17630 = 9*j - 4*o. Let n be (9/(-7) - -1) + j/7. What is the highest common divisor of 63 and n?
63
Let c(q) = 3*q + 7. Let h be c(5). Let k(x) = -x + 15. Let z be k(-8). Suppose 26*y - 264 = z*y. What is the highest common factor of h and y?
22
Suppose 3*a + 18 - 33 = 0. Suppose -a*l = -15, -4*b + 127 = b - l. Let g(c) = -c**3 + c**2 + 1. Let r be g(-2). What is the highest common divisor of r and b?
13
Let n(s) = -12*s + 112. Let o be n(9). Suppose -o*r - 8 = 0, -2*r + 0 = y + 1. What is the greatest common divisor of y and 1?
1
Suppose 36*a + 390 = 882 + 336. Let j = 1259 + -684. What is the highest common factor of j and a?
23
Let m = -12523 + 13419. Calculate the greatest common divisor of 280 and m.
56
Let x(q) = 729*q + 2221. Let m be x(-3). What is the highest common divisor of m and 6?
2
Suppose -4*d + 464 = 4*s, 2*d + 18*s - 228 = 17*s. Suppose -3*z = -d - 14. Calculate the greatest common divisor of 56 and z.
14
Suppose -4 = -2*l, -c - 47*l + 49*l = -323. Suppose -324*x = -c*x + 45. Let g = 13 + 77. What is the highest common divisor of g and x?
15
Suppose 30*c = 23*c + 2240. Suppose -z + 3*b + 11 = 0, 8*z = 5*z + 5*b + 45. Calculate the greatest common divisor of c and z.
20
Suppose -8*x - 30 - 26 = 0. Let i(y) = y**3 + 7*y**2 - 12*y - 50. Let r be i(x). What is the greatest common factor of 17 and r?
17
Suppose -70949 + 23125 = -8*t. What is the greatest common divisor of 98 and t?
98
Let w be 1434/15 + (-10)/(-25). Let a be (58/8)/29 + (-510)/(-8). Calculate the greatest common divisor of w and a.
32
Let g = -103 - 34. Let i = -41 - g. Let c = -98 - -110. Calculate the greatest common divisor of i and c.
12
Let v(f) = -f**2 + 12*f - 18. Let k be v(2). Let t be 9 + 1935/35 + k/(-7). Calculate the greatest common factor of t and 4.
4
Let h(x) = 4*x**2 + 5*x + 22. Let w be h(-8). Suppose 8*f - f = w. Calculate the highest common divisor of f and 102.
34
Suppose 2*x = 2*g - 10, -3*x - 21 - 14 = 2*g. Let m be (-4)/6 + (-330)/x. Suppose 27 = i - m. Calcu